1?
-600587
In base 7, what is 1112 + 0?
1112
In base 12, what is -84 + 3?
-81
In base 13, what is 2c15 + 189?
30a1
In base 11, what is 331 - -406?
737
In base 12, what is -9 - 116a5?
-116b2
In base 15, what is 2852b - -3?
2852e
In base 3, what is 2 - -22010220200?
22010220202
In base 5, what is 30310 - 24?
30231
In base 16, what is -398be - -4?
-398ba
In base 16, what is -1 - 28?
-29
In base 13, what is -649 - -17?
-632
In base 11, what is -45 + -1613?
-1658
In base 13, what is 170c + 1?
1710
In base 7, what is -114300 + -10?
-114310
In base 10, what is -9480 - -4?
-9476
In base 11, what is 404 + -264?
150
In base 15, what is -1ad89 + -e?
-1ad98
In base 14, what is -d + -1227?
-1236
In base 4, what is -2111300300 + -10?
-2111300310
In base 13, what is -c1 - 73?
-164
In base 2, what is -101110101110101111 - 1110?
-101110101110111101
In base 8, what is -3 - 204604?
-204607
In base 11, what is 12a0 - -10?
1300
In base 5, what is -3 - -40131?
40123
In base 9, what is -3 + -3808?
-3812
In base 10, what is 268200 - 0?
268200
In base 10, what is -76418 - 4?
-76422
In base 3, what is -1222022 + 220001?
-1002021
In base 12, what is -b06959 - 3?
-b06960
In base 7, what is -3115616 - -1?
-3115615
In base 7, what is 13343 + 504?
14150
In base 2, what is -10011101 + 1011010001?
1000110100
In base 3, what is 1 + -111000110110?
-111000110102
In base 15, what is -17a3d0 - 2?
-17a3d2
In base 2, what is -11000101100101101001 + -101?
-11000101100101101110
In base 2, what is 110100000 + -1110100?
100101100
In base 15, what is 1 - 8a174?
-8a173
In base 9, what is 342 - -357?
710
In base 15, what is 24a - 27?
223
In base 8, what is 51 - -137336?
137407
In base 10, what is -42 + 1918?
1876
In base 12, what is 7 - 1374?
-1369
In base 8, what is 4 + -151417?
-151413
In base 11, what is -3a0 + -25?
-415
In base 14, what is -139628 - -5?
-139623
In base 11, what is 3 + 183098?
1830a0
In base 2, what is -1000001010110000010110 - 101?
-1000001010110000011011
In base 5, what is 202 + -210313?
-210111
In base 3, what is 1 + 10002012?
10002020
In base 9, what is 470077 + 10?
470087
In base 2, what is -111110110010010111 - 101?
-111110110010011100
In base 12, what is 7543 - -1a?
7561
In base 4, what is 2012 + -31130103?
-31122031
In base 16, what is 0 - -35cd?
35cd
In base 8, what is -40 + -15103?
-15143
In base 2, what is -110110111 + 10000101?
-100110010
In base 9, what is -15 + 1532?
1516
In base 4, what is -1020200 + -32?
-1020232
In base 13, what is -141 + -7b?
-1bc
In base 4, what is -22202 - -3?
-22133
In base 12, what is -8 - -5365?
5359
In base 14, what is -383 - -194?
-1cd
In base 6, what is 0 - -13143201?
13143201
In base 15, what is 201 - 37?
1b9
In base 8, what is -4501 + -16?
-4517
In base 10, what is -125 - 16730?
-16855
In base 12, what is 12815 - -8?
12821
In base 6, what is 331 + 1151?
1522
In base 6, what is -10545 + 12444?
1455
In base 8, what is -17 + 16250?
16231
In base 12, what is 2 + 5552?
5554
In base 3, what is 10110 - -21001?
101111
In base 4, what is -100310 + 20?
-100230
In base 5, what is -113 + -21310?
-21423
In base 14, what is 10 - -61b?
62b
In base 14, what is -40504 + 5?
-404dd
In base 8, what is -734355 + 2?
-734353
In base 3, what is -1020111 - -111210?
-201201
In base 8, what is 36 - 40376?
-40340
In base 7, what is -556 - -40314?
36425
In base 14, what is -64 - -516?
492
In base 9, what is 1438 + 715?
2254
In base 14, what is 57 - 22d?
-1b6
In base 12, what is 10019 + -a?
1000b
In base 2, what is -11 + -1111101111001?
-1111101111100
In base 9, what is 5 + -18650?
-18644
In base 14, what is d951 - 27?
d928
In base 16, what is -2d07 + -2?
-2d09
In base 10, what is 3 - -3383?
3386
In base 7, what is 3 + -20553?
-20550
In base 4, what is 32202 - -11312?
110120
In base 15, what is 21e21 + -2?
21e1e
In base 7, what is -145 + 11?
-134
In base 5, what is -13040 - 124?
-13214
In base 13, what is 3b9b + -15?
3b86
In base 7, what is -2241 + -23424?
-25665
In base 13, what is 1 - 354b?
-354a
In base 11, what is -1143865 + -4?
-1143869
In base 16, what is 0 + -481?
-481
In base 8, what is -15 + -14634?
-14651
In base 11, what is -3 - 49a5?
-49a8
In base 7, what is 134134 - 155?
133646
In base 10, what is 16219 - 7?
16212
In base 13, what is -1c - -62c5?
62a6
In base 16, what is -203 - 77?
-27a
In base 7, what is -5202 - -66?
-5103
In base 16, what is -b + 2e120?
2e115
In base 13, what is 7a1c + -6?
7a16
In base 10, what is 1 - 70596?
-70595
In base 12, what is -3a6b5 - 2?
-3a6b7
In base 12, what is 22885 - 3?
22882
In base 9, what is 22573 + -4?
22568
In base 9, what is 1234 - -32?
1266
In base 2, what is 111 + 10100110101?
10100111100
In base 15, what is 6 + -16ce?
-16c8
In base 15, what is -de - -58d6?
57e7
In base 13, what is -131 + 22?
-10c
In base 6, what is -125 - -101534?
101405
In base 6, what is 300543 + 5?
300552
In base 5, what is 30 - 32324?
-32244
In base 16, what is 75c25 + -2?
75c23
In base 3, what is -10202 + -22010?
-102212
In base 10, what is 7625 - -6?
7631
In base 12, what is -196 - -22?
-174
In base 16, what is -b7c - 77?
-bf3
In base 14, what is -858b - -31?
-855a
In base 16, what is 1913e1 - 2?
1913df
In base 11, what is 9a23 + 111?
a034
In base 15, what is -5 - -240d9?
240d4
In base 11, what is -66830 + 2?
-66829
In base 15, what is 13 - 24d17?
-24d04
In base 15, what is -8 - -238e8?
238e0
In base 14, what is -1dd7 - -4?
-1dd3
In base 2, what is 10010010011100001 + -110?
10010010011011011
In base 13, what is -1 - 3605?
-3606
In base 3, what is 1110000101 + -111?
1102222220
In base 5, what is -31101224 + -2?
-31101231
In base 13, what is -5 - -295a0?
29598
In base 16, what is -4c + -3da1?
-3ded
In base 5, what is 34121 - 0?
34121
In base 15, what is 2 + 8b8?
8ba
In base 15, what is -26 - 6ae?
-6d5
In base 4, what is -1210 - 3220?
-11030
In base 5, what is -24041 + -22?
-24113
In base 3, what is 1 + -20122202101?
-20122202100
In base 12, what is 1836b - -16?
18385
In base 5, what is 4 + -110231?
-110222
In base 11, what is -5 + 513aa5?
513aa0
In base 12, what is -32a8 - 4b0?
-3798
In base 11, what is 5 - -32895?
3289a
In base 5, what is 10 - 3223243?
-3223233
In base 4, what is -3021 - -1011203?
1002122
In base 2, what is -1100001110111100 + -1?
-1100001110111101
In base 11, what is 3 + 44380?
44383
In base 2, what is 1101 - 100000001000?
-11111111011
In base 12, what is 4 - -825?
829
In base 8, what is 104004 - 35?
103747
In base 3, what is 10210 - 120001?
-102021
In base 14, what is -1 - 67337?
-67338
In base 8, what is 4 - -324?
330
In base 8, what is 1336 + -127?
1207
In base 8, what is 6560 - -135?
6715
In base 15, what is 29 - -2a7?
2d1
In base 12, what is 46 + 1893?
1919
In base 12, what is 13 + -7195?
-7182
In base 9, what is 305071 + 4?
305075
In base 8, what is 33011 + -45?
32744
In base 8, what is 32074 + -5?
32067
In base 16, what is -1b - -4b9?
49e
In base 12, what is -48 + 21b?
193
In base 14, what is 36b + 4?
371
In base 11, what is 2 + -43401?
-433aa
In base 16, what is -4 - -341da?
341d6
In base 3, what is 2 - -212200100102?
212200100111
In base 2, what is 10 + 100100000011010?
100100000011100
In base 10, what is -3190 - 45?
-3235
In base 10, what is -4916 - -44?
-4872
In base 8, what is 3306 + -174?
3112
In base 10, what is -39 + 3120?
3081
In base 13, what is -328c6 + 1?
-328c5
In base 15, what is 32d - 818?
-4da
In base 13, what is -2a0345 - 2?
-2a0347
In base 2, what is -1010011010000 + -101011?
-1010011111011
In base 6, what is -1105 - 42203?
-43312
In base 5, what is 2434300 + 11?
2434311
In base 3, what is 112020120 + -11?
112020102
In base 2, what is 10001111101001 + -1?
10001111101000
In base 11, what is -13a413 + -4?
-13a417
In base 8, what is -3 - 740153?
-740156
In base 14, what is -38455 - 5?
-3845a
In base 5, what is -12001 + 21?
-11430
In base 14, what is -6dd5 + 4?
-6dd1
In base 16, what is -4 - 1c02?
-1c06
In base 8, what is -20407563 - 5?
-20407570
In base 12, what is 659 - b43?
-4a6
In base 9, what is 18786 - 18?
18767
In base 10, what is -5057 - 3?
-5060
In base 3, what is 1001222 - -202212?
1211211
In base 13, what is -7ac - -92?
-71a
In base 13, what is 1c27 - a?
1c1a
In base 14, what is -4b53 - 3?
-4b56
In base 2, what is -1111000010111000111 + 10?
-1111000010111000101
In base 2, wha